{"id":18,"date":"2017-09-15T14:00:53","date_gmt":"2017-09-15T12:00:53","guid":{"rendered":"http:\/\/develop.lindenriek.de\/?page_id=18"},"modified":"2019-12-17T12:26:30","modified_gmt":"2019-12-17T11:26:30","slug":"jobs","status":"publish","type":"page","link":"https:\/\/www.lindenriek.de\/tagespflege\/jobs\/","title":{"rendered":"Jobs"},"content":{"rendered":"<p><div class=\"fusion-fullwidth fullwidth-box fusion-builder-row-1 fusion-flex-container fusion-parallax-none nonhundred-percent-fullwidth non-hundred-percent-height-scrolling\" style=\"--awb-background-blend-mode:overlay;--awb-border-radius-top-left:0px;--awb-border-radius-top-right:0px;--awb-border-radius-bottom-right:0px;--awb-border-radius-bottom-left:0px;--awb-background-color:rgba(0,0,0,0.3);--awb-background-image:url(&quot;https:\/\/www.lindenriek.de\/wp-content\/uploads\/2017\/09\/theme3.jpg&quot;);--awb-background-size:cover;--awb-flex-wrap:wrap;\" id=\"theme\" ><div class=\"fusion-builder-row fusion-row fusion-flex-align-items-flex-start fusion-flex-content-wrap\" style=\"max-width:calc( 1400px + 0px );margin-left: calc(-0px \/ 2 );margin-right: calc(-0px \/ 2 );\"><div class=\"fusion-layout-column fusion_builder_column fusion-builder-column-0 fusion_builder_column_1_1 1_1 fusion-flex-column fusion-animated\" style=\"--awb-bg-size:cover;--awb-width-large:100%;--awb-margin-top-large:0px;--awb-spacing-right-large:0px;--awb-margin-bottom-large:0px;--awb-spacing-left-large:0px;--awb-width-medium:100%;--awb-spacing-right-medium:0px;--awb-spacing-left-medium:0px;--awb-width-small:100%;--awb-spacing-right-small:0px;--awb-spacing-left-small:0px;\" data-animationType=\"fadeInDown\" data-animationDuration=\"0.5\" data-animationOffset=\"top-into-view\"><div class=\"fusion-column-wrapper fusion-flex-justify-content-flex-start fusion-content-layout-column\"><div class=\"fusion-title title fusion-title-1 fusion-sep-none fusion-title-text fusion-title-size-two\"><h2 class=\"fusion-title-heading title-heading-left fusion-responsive-typography-calculated\" style=\"margin:0;--fontSize:35;line-height:1.5;\">Jobs<\/h2><\/div><\/div><\/div><\/div><\/div><div class=\"fusion-fullwidth fullwidth-box fusion-builder-row-2 fusion-flex-container nonhundred-percent-fullwidth non-hundred-percent-height-scrolling\" style=\"--awb-border-radius-top-left:0px;--awb-border-radius-top-right:0px;--awb-border-radius-bottom-right:0px;--awb-border-radius-bottom-left:0px;--awb-flex-wrap:wrap;\" id=\"content-1-3\" ><div class=\"fusion-builder-row fusion-row fusion-flex-align-items-flex-start fusion-flex-content-wrap\" style=\"max-width:1456px;margin-left: calc(-4% \/ 2 );margin-right: calc(-4% \/ 2 );\"><div class=\"fusion-layout-column fusion_builder_column fusion-builder-column-1 fusion_builder_column_1_3 1_3 fusion-flex-column\" style=\"--awb-bg-size:cover;--awb-width-large:33.333333333333%;--awb-margin-top-large:0px;--awb-spacing-right-large:3.8399999999999%;--awb-margin-bottom-large:0px;--awb-spacing-left-large:5.76%;--awb-width-medium:33.333333333333%;--awb-spacing-right-medium:3.8399999999999%;--awb-spacing-left-medium:5.76%;--awb-width-small:100%;--awb-spacing-right-small:1.92%;--awb-spacing-left-small:1.92%;\"><div class=\"fusion-column-wrapper fusion-flex-justify-content-flex-start fusion-content-layout-column\"><div class=\"fusion-widget-area awb-widget-area-element fusion-widget-area-1 fusion-content-widget-area\" style=\"--awb-title-size:35px;--awb-title-color:#dddddd;--awb-padding:0px 0px 0px 0px;\"><div id=\"nav_menu-6\" class=\"widget widget_nav_menu\"><div class=\"heading\"><h4 class=\"widget-title\">Navigation<\/h4><\/div><div class=\"menu-footer-menu-ueber-uns-container\"><ul id=\"menu-footer-menu-ueber-uns\" class=\"menu\"><li id=\"menu-item-65\" class=\"menu-item menu-item-type-post_type menu-item-object-page menu-item-65\"><a href=\"https:\/\/www.lindenriek.de\/tagespflege\/ueber-uns\/ansprechpartner\/\">Ansprechpartner<\/a><\/li>\n<\/ul><\/div><\/div><div class=\"fusion-additional-widget-content\"><\/div><\/div><\/div><\/div><div class=\"fusion-layout-column fusion_builder_column fusion-builder-column-2 fusion_builder_column_2_3 2_3 fusion-flex-column\" style=\"--awb-bg-size:cover;--awb-width-large:66.666666666667%;--awb-margin-top-large:0px;--awb-spacing-right-large:2.88%;--awb-margin-bottom-large:0px;--awb-spacing-left-large:3.84%;--awb-width-medium:66.666666666667%;--awb-spacing-right-medium:2.88%;--awb-spacing-left-medium:3.84%;--awb-width-small:100%;--awb-spacing-right-small:1.92%;--awb-spacing-left-small:1.92%;\"><div class=\"fusion-column-wrapper fusion-flex-justify-content-flex-start fusion-content-layout-column\"><div class=\"fusion-title title fusion-title-2 fusion-sep-none fusion-title-text fusion-title-size-two\"><h2 class=\"fusion-title-heading title-heading-left fusion-responsive-typography-calculated\" style=\"margin:0;--fontSize:35;line-height:1.5;\">Wir suchen Verst\u00e4rkung<\/h2><\/div><div class=\"fusion-text fusion-text-1\"><p>Sie k\u00f6nnen sich vorstellen \u00e4ltere Menschen zu unterst\u00fctzen und haben Interesse an der Arbeit im Pflegebereich?<\/p>\n<p><strong>Wir suchen Sie!<\/strong><\/p>\n<\/div><div class=\"accordian fusion-accordian leistungen-toggle\" style=\"--awb-border-size:1px;--awb-icon-size:13px;--awb-content-font-size:var(--awb-typography4-font-size);--awb-icon-alignment:left;--awb-hover-color:f9f9f9;--awb-border-color:#dddddd;--awb-background-color:#f9f9f9;--awb-divider-color:var(--awb-color3);--awb-divider-hover-color:var(--awb-color3);--awb-icon-color:#ffffff;--awb-title-color:var(--awb-color8);--awb-content-color:var(--awb-color8);--awb-icon-box-color:#333333;--awb-toggle-hover-accent-color:#a0ce4e;--awb-title-font-family:var(--awb-typography1-font-family);--awb-title-font-weight:var(--awb-typography1-font-weight);--awb-title-font-style:var(--awb-typography1-font-style);--awb-title-font-size:24px;--awb-title-line-height:1.5;--awb-content-font-family:var(--awb-typography4-font-family);--awb-content-font-weight:var(--awb-typography4-font-weight);--awb-content-font-style:var(--awb-typography4-font-style);\"><div class=\"panel-group fusion-toggle-icon-boxed\" id=\"accordion-18-1\"><div class=\"fusion-panel panel-default panel-d7bdfb68627a3aaa4 fusion-toggle-no-divider fusion-toggle-boxed-mode\"><div class=\"panel-heading\"><h4 class=\"panel-title toggle\" id=\"toggle_d7bdfb68627a3aaa4\"><a aria-expanded=\"false\" aria-controls=\"d7bdfb68627a3aaa4\" role=\"button\" data-toggle=\"collapse\" data-parent=\"#accordion-18-1\" data-target=\"#d7bdfb68627a3aaa4\" href=\"#d7bdfb68627a3aaa4\"><span class=\"fusion-toggle-icon-wrapper\" aria-hidden=\"true\"><i class=\"fa-fusion-box active-icon awb-icon-minus\" aria-hidden=\"true\"><\/i><i class=\"fa-fusion-box inactive-icon awb-icon-plus\" aria-hidden=\"true\"><\/i><\/span><span class=\"fusion-toggle-heading\">Ausbildung Pflegefachmann\/frau<\/span><\/a><\/h4><\/div><div id=\"d7bdfb68627a3aaa4\" class=\"panel-collapse collapse \" aria-labelledby=\"toggle_d7bdfb68627a3aaa4\"><div class=\"panel-body toggle-content fusion-clearfix\">\n<p><strong>Die neue Pflegeausbildung (Pflegefachmann\/frau)<\/strong><\/p>\n<p><strong>Jetzt auch bei uns m\u00f6glich!<\/strong><\/p>\n<p>Ab dem 01.01.2020 werden die Ausbildungen in der Krankenpflege, Kinderkrankenpflege und Altenpflege zur neuen generalistischen Pflegeausbildung zusammengef\u00fchrt.<\/p>\n<p>Zum 01.08.2020 bieten wir Ausbildungspl\u00e4tze zum Pflegefachmann bzw. zur Pflegefachfrau an!<\/p>\n<p>Auf der folgenden Seite wollen wir einige Fragen rund um die neue Pflegeausbildung beantworten:<\/p>\n<p><u>Wie lange dauert die Ausbildung?<\/u><\/p>\n<p>Die Ausbildungszeit betr\u00e4gt 3 Jahre<\/p>\n<p><u>Welche Voraussetzungen\u00a0muss ich mitbringen?<\/u><\/p>\n<p>Voraussetzung ist ein Mittlerer Schulabschluss oder eine andere erfolgreich abgeschlossene zehnj\u00e4hrigen allgemeinen Schulbildung.<\/p>\n<p>Eine gute Sozialkompetenz sowie die gesundheitliche Eignung sind selbstverst\u00e4ndlich auch wichtig.<\/p>\n<p><u>Wie ist die Ausbildung aufgeteilt?<\/u><\/p>\n<p>Die praktische Ausbildung umfasst mindestens 2.500 Stunden \u00fcber drei Jahre. Zus\u00e4tzlich erfolgt Unterricht an einer Pflegeschule in Hannover mit einem Umfang von 2.100 Stunden.<\/p>\n<p>Die Ausbildung erfolgt \u00fcberwiegend bei uns im Haus. Es werden zus\u00e4tzlich Eins\u00e4tze im Akutkrankenhaus, der ambulanten Pflege und weiteren Gesundheitseinrichtungen absolviert. W\u00e4hrend der Ausbildung erfolgt eine individuelle Anleitung durch einen zugeordneten Praxisanleiter.<\/p>\n<p><u>Was wird in der Ausbildung vermittelt?<\/u><\/p>\n<p>W\u00e4hrend der Ausbildung werden die Auszubildenden dazu bef\u00e4higt, Menschen aller Altersstufen in allen Versorgungsbereichen (Pflegeheim, Krankenhaus etc.) zu pflegen.<\/p>\n<p class=\"bodytext\">Mit dem Abschluss Pflegefachmann\/Pflegefachfrau bist du berechtigt, vorbehaltene T\u00e4tigkeiten zu \u00fcbernehmen. Pflegerische Aufgaben in diesem Sinne umfassen:<\/p>\n<ul>\n<li>die Erhebung und Feststellung des individuellen Pflegebedarfs,<\/li>\n<li>die Organisation, Gestaltung und Steuerung des Pflegeprozesses sowie<\/li>\n<li>die Analyse, Evaluation, Sicherung und Entwicklung der Qualit\u00e4t der Pflege.<\/li>\n<\/ul>\n<p><u>Erhalte ich eine Ausbildungsverg\u00fctung?<\/u><\/p>\n<p>W\u00e4hrend der Ausbildung wird eine angemessene Ausbildungsverg\u00fctung gezahlt. Schulgeld ist nicht zu entrichten.<\/p>\n<p><u>Wie kann ich weitere Informationen erhalten?<\/u><\/p>\n<p>Bei weiteren Fragen kannst du gerne Kontakt zu uns aufnehmen. F\u00fcr R\u00fcckfragen steht dir Lars W\u00f6hler (Pflegedienstleitung) gerne zur Verf\u00fcgung!<\/p>\n<p>Zus\u00e4tzliche Informationen zur neuen Pflegeausbildung erh\u00e4lst du auch unter: https:\/\/www.pflegeausbildung.net<\/p>\n<p><u>Wie kann ich mich bewerben?<\/u><\/p>\n<p>Eine Bewerbung ist per E-Mail (info@lindenriek.de) oder per Post m\u00f6glich.<\/p>\n<\/div><\/div><\/div><div class=\"fusion-panel panel-default panel-d375b8f1adef0fef0 fusion-toggle-no-divider fusion-toggle-boxed-mode\"><div class=\"panel-heading\"><h4 class=\"panel-title toggle\" id=\"toggle_d375b8f1adef0fef0\"><a aria-expanded=\"false\" aria-controls=\"d375b8f1adef0fef0\" role=\"button\" data-toggle=\"collapse\" data-parent=\"#accordion-18-1\" data-target=\"#d375b8f1adef0fef0\" href=\"#d375b8f1adef0fef0\"><span class=\"fusion-toggle-icon-wrapper\" aria-hidden=\"true\"><i class=\"fa-fusion-box active-icon awb-icon-minus\" aria-hidden=\"true\"><\/i><i class=\"fa-fusion-box inactive-icon awb-icon-plus\" aria-hidden=\"true\"><\/i><\/span><span class=\"fusion-toggle-heading\">Pflegekraft (m\/w)<\/span><\/a><\/h4><\/div><div id=\"d375b8f1adef0fef0\" class=\"panel-collapse collapse \" aria-labelledby=\"toggle_d375b8f1adef0fef0\"><div class=\"panel-body toggle-content fusion-clearfix\">\n<p><strong>Pflegekraft (m\/w)<\/strong><\/p>\n<p>mit\/ohne Vorerfahrung oder\u00a0 Pflegeausbildung<\/p>\n<p>in Voll- oder Teilzeit<\/p>\n<p>Was wir bieten?<\/p>\n<ul>\n<li>Familiengef\u00fchrte Pflegeeinrichtung<\/li>\n<li>Freundliches, nettes Team<\/li>\n<li>Verantwortungsvolles Aufgabengebiet<\/li>\n<li>Attraktive Verg\u00fctung<\/li>\n<li>Fort- und Weiterbildungsangebote<\/li>\n<li>Entb\u00fcrokratisierte Pflegedokumentation<\/li>\n<\/ul>\n<\/div><\/div><\/div><div class=\"fusion-panel panel-default panel-0c030874bd8fde0b8 fusion-toggle-no-divider fusion-toggle-boxed-mode\"><div class=\"panel-heading\"><h4 class=\"panel-title toggle\" id=\"toggle_0c030874bd8fde0b8\"><a aria-expanded=\"false\" aria-controls=\"0c030874bd8fde0b8\" role=\"button\" data-toggle=\"collapse\" data-parent=\"#accordion-18-1\" data-target=\"#0c030874bd8fde0b8\" href=\"#0c030874bd8fde0b8\"><span class=\"fusion-toggle-icon-wrapper\" aria-hidden=\"true\"><i class=\"fa-fusion-box active-icon awb-icon-minus\" aria-hidden=\"true\"><\/i><i class=\"fa-fusion-box inactive-icon awb-icon-plus\" aria-hidden=\"true\"><\/i><\/span><span class=\"fusion-toggle-heading\">Physiotherapeut\/in (m\/w)<\/span><\/a><\/h4><\/div><div id=\"0c030874bd8fde0b8\" class=\"panel-collapse collapse \" aria-labelledby=\"toggle_0c030874bd8fde0b8\"><div class=\"panel-body toggle-content fusion-clearfix\">\n<p><strong>Physiotherapeut (m\/w)<\/strong><\/p>\n<p>in Voll- oder Teilzeit<\/p>\n<p>Was wir bieten?<\/p>\n<ul>\n<li>Familiengef\u00fchrte Pflegeeinrichtung<\/li>\n<li>Freundliches, nettes Team<\/li>\n<li>Verantwortungsvolles Aufgabengebiet<\/li>\n<li>Attraktive Verg\u00fctung<\/li>\n<li>Fort- und Weiterbildungsangebote<\/li>\n<li>Entb\u00fcrokratisierte Pflegedokumentation<\/li>\n<\/ul>\n<\/div><\/div><\/div><\/div><\/div><div class=\"fusion-text fusion-text-2\"><p>Sie haben Interesse an unseren Jobangeboten? Nehmen Sie gerne Kontakt zu uns auf:<\/p>\n<p>Seniorenpflegeheim Lindenriek W\u00f6hler GmbH<br \/>\nBrombeerkamp 6<br \/>\n30938 Burgwedel<\/p>\n<p>Tel.: 0 51 39 \/ 80 74-0<br \/>\nE-Mail: info@lindenriek.de<\/p>\n<\/div><\/div><\/div><\/div><\/div><div class=\"fusion-fullwidth fullwidth-box fusion-builder-row-3 fusion-flex-container fusion-parallax-fixed nonhundred-percent-fullwidth non-hundred-percent-height-scrolling\" style=\"--awb-border-radius-top-left:0px;--awb-border-radius-top-right:0px;--awb-border-radius-bottom-right:0px;--awb-border-radius-bottom-left:0px;--awb-background-image:url(&quot;https:\/\/www.lindenriek.de\/wp-content\/uploads\/2017\/09\/parallax.jpg&quot;);--awb-background-size:cover;--awb-flex-wrap:wrap;background-attachment:fixed;\" id=\"cta\" ><div class=\"fusion-builder-row fusion-row fusion-flex-align-items-flex-start fusion-flex-content-wrap\" style=\"max-width:calc( 1400px + 0px );margin-left: calc(-0px \/ 2 );margin-right: calc(-0px \/ 2 );\"><div class=\"fusion-layout-column fusion_builder_column fusion-builder-column-3 fusion_builder_column_1_1 1_1 fusion-flex-column fusion-animated\" style=\"--awb-bg-size:cover;--awb-width-large:100%;--awb-margin-top-large:0px;--awb-spacing-right-large:0px;--awb-margin-bottom-large:0px;--awb-spacing-left-large:0px;--awb-width-medium:100%;--awb-spacing-right-medium:0px;--awb-spacing-left-medium:0px;--awb-width-small:100%;--awb-spacing-right-small:0px;--awb-spacing-left-small:0px;\" data-animationType=\"fadeInLeft\" data-animationDuration=\"0.5\" data-animationOffset=\"top-into-view\"><div class=\"fusion-column-wrapper fusion-flex-justify-content-flex-start fusion-content-layout-column\"><div class=\"fusion-title title fusion-title-3 fusion-sep-none fusion-title-text fusion-title-size-two\"><h2 class=\"fusion-title-heading title-heading-left fusion-responsive-typography-calculated\" style=\"margin:0;--fontSize:35;line-height:1.5;\"><p>Sie haben Fragen oder m\u00f6chten uns pers\u00f6nlich kennen lernen?<br \/>\nWir freuen uns auf Ihren Besuch.<\/p><\/h2><\/div><div ><a class=\"fusion-button button-flat fusion-button-default-size button-default fusion-button-default button-1 fusion-button-default-span fusion-button-default-type\" target=\"_self\" href=\"\/kontakt\"><i class=\" fa fa-long-arrow-right button-icon-left\" aria-hidden=\"true\"><\/i><span class=\"fusion-button-text\">Kontakt aufnehmen<\/span><\/a><\/div><\/div><\/div><\/div><\/div><\/p>\n","protected":false},"excerpt":{"rendered":"","protected":false},"author":2,"featured_media":0,"parent":0,"menu_order":7,"comment_status":"closed","ping_status":"closed","template":"100-width.php","meta":{"_exactmetrics_skip_tracking":false,"_exactmetrics_sitenote_active":false,"_exactmetrics_sitenote_note":"","_exactmetrics_sitenote_category":0,"footnotes":""},"class_list":["post-18","page","type-page","status-publish","hentry"],"yoast_head":"<!-- This site is optimized with the Yoast SEO plugin v25.7 - https:\/\/yoast.com\/wordpress\/plugins\/seo\/ -->\n<title>Jobs - Lindenriek Tagespflege<\/title>\n<meta name=\"robots\" content=\"index, follow, max-snippet:-1, max-image-preview:large, max-video-preview:-1\" \/>\n<link rel=\"canonical\" href=\"https:\/\/www.lindenriek.de\/tagespflege\/jobs\/\" \/>\n<meta property=\"og:locale\" content=\"de_DE\" \/>\n<meta property=\"og:type\" content=\"article\" \/>\n<meta property=\"og:title\" content=\"Jobs - Lindenriek Tagespflege\" \/>\n<meta property=\"og:url\" content=\"https:\/\/www.lindenriek.de\/tagespflege\/jobs\/\" \/>\n<meta property=\"og:site_name\" content=\"Lindenriek Tagespflege\" \/>\n<meta property=\"article:publisher\" content=\"https:\/\/www.facebook.com\/lindenriek\" \/>\n<meta property=\"article:modified_time\" content=\"2019-12-17T11:26:30+00:00\" \/>\n<meta name=\"twitter:card\" content=\"summary_large_image\" \/>\n<meta name=\"twitter:label1\" content=\"Gesch\u00e4tzte Lesezeit\" \/>\n\t<meta name=\"twitter:data1\" content=\"7\u00a0Minuten\" \/>\n<script type=\"application\/ld+json\" class=\"yoast-schema-graph\">{\"@context\":\"https:\/\/schema.org\",\"@graph\":[{\"@type\":\"WebPage\",\"@id\":\"https:\/\/www.lindenriek.de\/tagespflege\/jobs\/\",\"url\":\"https:\/\/www.lindenriek.de\/tagespflege\/jobs\/\",\"name\":\"Jobs - Lindenriek Tagespflege\",\"isPartOf\":{\"@id\":\"https:\/\/www.lindenriek.de\/tagespflege\/#website\"},\"datePublished\":\"2017-09-15T12:00:53+00:00\",\"dateModified\":\"2019-12-17T11:26:30+00:00\",\"breadcrumb\":{\"@id\":\"https:\/\/www.lindenriek.de\/tagespflege\/jobs\/#breadcrumb\"},\"inLanguage\":\"de\",\"potentialAction\":[{\"@type\":\"ReadAction\",\"target\":[\"https:\/\/www.lindenriek.de\/tagespflege\/jobs\/\"]}]},{\"@type\":\"BreadcrumbList\",\"@id\":\"https:\/\/www.lindenriek.de\/tagespflege\/jobs\/#breadcrumb\",\"itemListElement\":[{\"@type\":\"ListItem\",\"position\":1,\"name\":\"Startseite\",\"item\":\"https:\/\/www.lindenriek.de\/tagespflege\/\"},{\"@type\":\"ListItem\",\"position\":2,\"name\":\"Jobs\"}]},{\"@type\":\"WebSite\",\"@id\":\"https:\/\/www.lindenriek.de\/tagespflege\/#website\",\"url\":\"https:\/\/www.lindenriek.de\/tagespflege\/\",\"name\":\"Lindenriek Tagespflege\",\"description\":\"Tagespflege Kleinburgwedel\",\"publisher\":{\"@id\":\"https:\/\/www.lindenriek.de\/tagespflege\/#organization\"},\"potentialAction\":[{\"@type\":\"SearchAction\",\"target\":{\"@type\":\"EntryPoint\",\"urlTemplate\":\"https:\/\/www.lindenriek.de\/tagespflege\/?s={search_term_string}\"},\"query-input\":{\"@type\":\"PropertyValueSpecification\",\"valueRequired\":true,\"valueName\":\"search_term_string\"}}],\"inLanguage\":\"de\"},{\"@type\":\"Organization\",\"@id\":\"https:\/\/www.lindenriek.de\/tagespflege\/#organization\",\"name\":\"Lindenriek Tagespflege\",\"url\":\"https:\/\/www.lindenriek.de\/tagespflege\/\",\"logo\":{\"@type\":\"ImageObject\",\"inLanguage\":\"de\",\"@id\":\"https:\/\/www.lindenriek.de\/tagespflege\/#\/schema\/logo\/image\/\",\"url\":\"https:\/\/www.lindenriek.de\/tagespflege\/wp-content\/uploads\/2024\/10\/Tagespflege_ankommen_2.jpg\",\"contentUrl\":\"https:\/\/www.lindenriek.de\/tagespflege\/wp-content\/uploads\/2024\/10\/Tagespflege_ankommen_2.jpg\",\"width\":500,\"height\":333,\"caption\":\"Lindenriek Tagespflege\"},\"image\":{\"@id\":\"https:\/\/www.lindenriek.de\/tagespflege\/#\/schema\/logo\/image\/\"},\"sameAs\":[\"https:\/\/www.facebook.com\/lindenriek\"]}]}<\/script>\n<!-- \/ Yoast SEO plugin. -->","yoast_head_json":{"title":"Jobs - Lindenriek Tagespflege","robots":{"index":"index","follow":"follow","max-snippet":"max-snippet:-1","max-image-preview":"max-image-preview:large","max-video-preview":"max-video-preview:-1"},"canonical":"https:\/\/www.lindenriek.de\/tagespflege\/jobs\/","og_locale":"de_DE","og_type":"article","og_title":"Jobs - Lindenriek Tagespflege","og_url":"https:\/\/www.lindenriek.de\/tagespflege\/jobs\/","og_site_name":"Lindenriek Tagespflege","article_publisher":"https:\/\/www.facebook.com\/lindenriek","article_modified_time":"2019-12-17T11:26:30+00:00","twitter_card":"summary_large_image","twitter_misc":{"Gesch\u00e4tzte Lesezeit":"7\u00a0Minuten"},"schema":{"@context":"https:\/\/schema.org","@graph":[{"@type":"WebPage","@id":"https:\/\/www.lindenriek.de\/tagespflege\/jobs\/","url":"https:\/\/www.lindenriek.de\/tagespflege\/jobs\/","name":"Jobs - Lindenriek Tagespflege","isPartOf":{"@id":"https:\/\/www.lindenriek.de\/tagespflege\/#website"},"datePublished":"2017-09-15T12:00:53+00:00","dateModified":"2019-12-17T11:26:30+00:00","breadcrumb":{"@id":"https:\/\/www.lindenriek.de\/tagespflege\/jobs\/#breadcrumb"},"inLanguage":"de","potentialAction":[{"@type":"ReadAction","target":["https:\/\/www.lindenriek.de\/tagespflege\/jobs\/"]}]},{"@type":"BreadcrumbList","@id":"https:\/\/www.lindenriek.de\/tagespflege\/jobs\/#breadcrumb","itemListElement":[{"@type":"ListItem","position":1,"name":"Startseite","item":"https:\/\/www.lindenriek.de\/tagespflege\/"},{"@type":"ListItem","position":2,"name":"Jobs"}]},{"@type":"WebSite","@id":"https:\/\/www.lindenriek.de\/tagespflege\/#website","url":"https:\/\/www.lindenriek.de\/tagespflege\/","name":"Lindenriek Tagespflege","description":"Tagespflege Kleinburgwedel","publisher":{"@id":"https:\/\/www.lindenriek.de\/tagespflege\/#organization"},"potentialAction":[{"@type":"SearchAction","target":{"@type":"EntryPoint","urlTemplate":"https:\/\/www.lindenriek.de\/tagespflege\/?s={search_term_string}"},"query-input":{"@type":"PropertyValueSpecification","valueRequired":true,"valueName":"search_term_string"}}],"inLanguage":"de"},{"@type":"Organization","@id":"https:\/\/www.lindenriek.de\/tagespflege\/#organization","name":"Lindenriek Tagespflege","url":"https:\/\/www.lindenriek.de\/tagespflege\/","logo":{"@type":"ImageObject","inLanguage":"de","@id":"https:\/\/www.lindenriek.de\/tagespflege\/#\/schema\/logo\/image\/","url":"https:\/\/www.lindenriek.de\/tagespflege\/wp-content\/uploads\/2024\/10\/Tagespflege_ankommen_2.jpg","contentUrl":"https:\/\/www.lindenriek.de\/tagespflege\/wp-content\/uploads\/2024\/10\/Tagespflege_ankommen_2.jpg","width":500,"height":333,"caption":"Lindenriek Tagespflege"},"image":{"@id":"https:\/\/www.lindenriek.de\/tagespflege\/#\/schema\/logo\/image\/"},"sameAs":["https:\/\/www.facebook.com\/lindenriek"]}]}},"_links":{"self":[{"href":"https:\/\/www.lindenriek.de\/tagespflege\/wp-json\/wp\/v2\/pages\/18","targetHints":{"allow":["GET"]}}],"collection":[{"href":"https:\/\/www.lindenriek.de\/tagespflege\/wp-json\/wp\/v2\/pages"}],"about":[{"href":"https:\/\/www.lindenriek.de\/tagespflege\/wp-json\/wp\/v2\/types\/page"}],"author":[{"embeddable":true,"href":"https:\/\/www.lindenriek.de\/tagespflege\/wp-json\/wp\/v2\/users\/2"}],"replies":[{"embeddable":true,"href":"https:\/\/www.lindenriek.de\/tagespflege\/wp-json\/wp\/v2\/comments?post=18"}],"version-history":[{"count":43,"href":"https:\/\/www.lindenriek.de\/tagespflege\/wp-json\/wp\/v2\/pages\/18\/revisions"}],"predecessor-version":[{"id":1517,"href":"https:\/\/www.lindenriek.de\/tagespflege\/wp-json\/wp\/v2\/pages\/18\/revisions\/1517"}],"wp:attachment":[{"href":"https:\/\/www.lindenriek.de\/tagespflege\/wp-json\/wp\/v2\/media?parent=18"}],"curies":[{"name":"wp","href":"https:\/\/api.w.org\/{rel}","templated":true}]}}